{"id":631,"date":"2026-05-04T06:16:12","date_gmt":"2026-05-04T06:16:12","guid":{"rendered":"https:\/\/www.krajinaosiguranje.ba\/?page_id=631"},"modified":"2026-05-04T06:16:15","modified_gmt":"2026-05-04T06:16:15","slug":"revizorski-izvjestaj","status":"publish","type":"page","link":"https:\/\/www.krajinaosiguranje.ba\/?page_id=631","title":{"rendered":"REVIZORSKI IZVJE\u0160TAJ"},"content":{"rendered":"\n<h2 class=\"wp-block-heading has-text-align-center has-background-color has-text-color has-link-color has-fse-political-poppins-font-family wp-elements-5417bd8dbbcdcad9d66244e79b9e111a\">REVIZORSKI IZVJE\u0160TAJI<\/h2>\n\n\n\n<h5 class=\"wp-block-heading has-fse-political-poppins-font-family\"><mark style=\"background-color:rgba(0, 0, 0, 0)\" class=\"has-inline-color has-background-color\">REVIZORSKI FINANSIJSKI IZVJE\u0160TAJ &#8211; 2025. GODINA<\/mark><\/h5>\n\n\n\n<p class=\"has-primary-color has-text-color has-link-color wp-elements-52a1ce5cb8eee512d2eebe584467798c\"><a href=\"https:\/\/drive.google.com\/file\/d\/1pv1esIslVkn1Y3HPuPeNhQCJ7bXCJGB8\/view?usp=sharing\">REVIZORSKI FINANSIJSKI IZVJE\u0160TAJ ZA 2025. GODINU<\/a><\/p>\n\n\n\n<h5 class=\"wp-block-heading has-fse-political-poppins-font-family\"><mark style=\"background-color:rgba(0, 0, 0, 0)\" class=\"has-inline-color has-background-color\">REVIZORSKI FINANSIJSKI IZVJE\u0160TAJ &#8211; 2024. GODINA<\/mark><\/h5>\n\n\n\n<p class=\"has-primary-color has-text-color has-link-color wp-elements-937f4550d8a6dc789522316f26219f05\"><a href=\"https:\/\/drive.google.com\/file\/d\/1R62xP2XRTGuRpHkgVKVTwVYvzncploOi\/view?usp=drive_link\">KONSOLIDOVANI REVIZORSKI FINANSIJSKI IZVJE\u0160TAJ ZA 2024. GODINU<\/a><\/p>\n\n\n\n<p class=\"has-primary-color has-text-color has-link-color wp-elements-6ffdcc3bc6345b142425a11391e1020c\"><a href=\"https:\/\/drive.google.com\/file\/d\/1jjxrXziJVQXVdeaWG_27VOG-GVJs03QX\/view?usp=drive_link\">REVIZORSKI FINANSIJSKI IZVJE\u0160TAJ 2024<\/a><\/p>\n","protected":false},"excerpt":{"rendered":"<p>REVIZORSKI IZVJE\u0160TAJI REVIZORSKI FINANSIJSKI IZVJE\u0160TAJ &#8211; 2025. GODINA REVIZORSKI FINANSIJSKI IZVJE\u0160TAJ ZA 2025. GODINU REVIZORSKI FINANSIJSKI IZVJE\u0160TAJ &#8211; 2024. GODINA KONSOLIDOVANI REVIZORSKI FINANSIJSKI IZVJE\u0160TAJ ZA 2024. GODINU REVIZORSKI FINANSIJSKI IZVJE\u0160TAJ 2024<\/p>\n","protected":false},"author":1,"featured_media":0,"parent":0,"menu_order":0,"comment_status":"closed","ping_status":"closed","template":"","meta":{"_animmysite_disable_animation":false,"footnotes":""},"class_list":["post-631","page","type-page","status-publish","hentry"],"_links":{"self":[{"href":"https:\/\/www.krajinaosiguranje.ba\/index.php?rest_route=\/wp\/v2\/pages\/631","targetHints":{"allow":["GET"]}}],"collection":[{"href":"https:\/\/www.krajinaosiguranje.ba\/index.php?rest_route=\/wp\/v2\/pages"}],"about":[{"href":"https:\/\/www.krajinaosiguranje.ba\/index.php?rest_route=\/wp\/v2\/types\/page"}],"author":[{"embeddable":true,"href":"https:\/\/www.krajinaosiguranje.ba\/index.php?rest_route=\/wp\/v2\/users\/1"}],"replies":[{"embeddable":true,"href":"https:\/\/www.krajinaosiguranje.ba\/index.php?rest_route=%2Fwp%2Fv2%2Fcomments&post=631"}],"version-history":[{"count":2,"href":"https:\/\/www.krajinaosiguranje.ba\/index.php?rest_route=\/wp\/v2\/pages\/631\/revisions"}],"predecessor-version":[{"id":635,"href":"https:\/\/www.krajinaosiguranje.ba\/index.php?rest_route=\/wp\/v2\/pages\/631\/revisions\/635"}],"wp:attachment":[{"href":"https:\/\/www.krajinaosiguranje.ba\/index.php?rest_route=%2Fwp%2Fv2%2Fmedia&parent=631"}],"curies":[{"name":"wp","href":"https:\/\/api.w.org\/{rel}","templated":true}]}}